{"id":426,"date":"2019-04-02T15:29:37","date_gmt":"2019-04-02T13:29:37","guid":{"rendered":"http:\/\/werich.at\/?page_id=426"},"modified":"2023-10-13T22:01:51","modified_gmt":"2023-10-13T20:01:51","slug":"beratung","status":"publish","type":"page","link":"https:\/\/www.werich.at\/?page_id=426","title":{"rendered":"Lifecoaching, Begleitung"},"content":{"rendered":"\t\t<div data-elementor-type=\"wp-post\" data-elementor-id=\"426\" class=\"elementor elementor-426\">\n\t\t\t\t\t\t<section class=\"elementor-section elementor-top-section elementor-element elementor-element-c246a87 elementor-section-boxed elementor-section-height-default elementor-section-height-default\" data-id=\"c246a87\" data-element_type=\"section\" data-e-type=\"section\">\n\t\t\t\t\t\t<div class=\"elementor-container elementor-column-gap-default\">\n\t\t\t\t\t<div class=\"elementor-column elementor-col-100 elementor-top-column elementor-element elementor-element-35258ab\" data-id=\"35258ab\" data-element_type=\"column\" data-e-type=\"column\">\n\t\t\t<div class=\"elementor-widget-wrap elementor-element-populated\">\n\t\t\t\t\t\t<div class=\"elementor-element elementor-element-e1ef133 elementor-widget elementor-widget-text-editor\" data-id=\"e1ef133\" data-element_type=\"widget\" data-e-type=\"widget\" data-widget_type=\"text-editor.default\">\n\t\t\t\t<div class=\"elementor-widget-container\">\n\t\t\t\t\t\t\t\t\t<h4 style=\"text-align: center;\"><b>BRAUCHST DU UNTERST\u00dcTZUNG F\u00dcR DEINE LEBENSTHEMEN?<\/b><\/h4><h3 style=\"text-align: center;\"><b>WIR BRINGEN DICH MIT DEN MENSCHEN ZUSAMMEN<\/b><b> DIE DICH UNTERST\u00dcTZEN, damit du dich am Leben erfreust &#8230;<\/b><\/h3>\t\t\t\t\t\t\t\t<\/div>\n\t\t\t\t<\/div>\n\t\t\t\t\t<\/div>\n\t\t<\/div>\n\t\t\t\t\t<\/div>\n\t\t<\/section>\n\t\t\t\t<section class=\"elementor-section elementor-top-section elementor-element elementor-element-e6637cf elementor-section-boxed elementor-section-height-default elementor-section-height-default\" data-id=\"e6637cf\" data-element_type=\"section\" data-e-type=\"section\">\n\t\t\t\t\t\t<div class=\"elementor-container elementor-column-gap-default\">\n\t\t\t\t\t<div class=\"elementor-column elementor-col-100 elementor-top-column elementor-element elementor-element-373fcf6\" data-id=\"373fcf6\" data-element_type=\"column\" data-e-type=\"column\">\n\t\t\t<div class=\"elementor-widget-wrap elementor-element-populated\">\n\t\t\t\t\t\t<div class=\"elementor-element elementor-element-45d2bea elementor-widget elementor-widget-text-editor\" data-id=\"45d2bea\" data-element_type=\"widget\" data-e-type=\"widget\" data-widget_type=\"text-editor.default\">\n\t\t\t\t<div class=\"elementor-widget-container\">\n\t\t\t\t\t\t\t\t\t<h4 style=\"caret-color: #000000; color: #000000;\"><span style=\"font-family: arial, helvetica, sans-serif;\">Deine<strong>\u00a0pers\u00f6nliche Beratung<\/strong><\/span><\/h4><p style=\"caret-color: #000000; color: #000000;\"><span style=\"font-family: arial, helvetica, sans-serif;\">Der beste Rat ist,\u00a0<strong>dich selbst als der, der du bist, zu erkennen,<\/strong>\u00a0und damit gleichsam\u00a0<strong>den, der behauptet du zu sein<\/strong>\u00a0(das angelernte ICH, das Ego) zu durchschauen und aufzul\u00f6sen &#8211;<strong>\u00a0das ist Frieden!<\/strong><\/span><\/p><p style=\"caret-color: #000000; color: #000000;\"><span style=\"font-family: arial, helvetica, sans-serif;\"><strong>Friede ist ein Geschenk an die Welt<\/strong>\u00a0&#8211; deine Gegenwart, der Friede der\u00a0<strong>du bist<\/strong>, befreit automatisch andere!<\/span><br \/><span style=\"font-family: arial, helvetica, sans-serif;\"><strong>Wir begleiten dich<\/strong>\u00a0bei deinem individuellen\u00a0<em><strong>Selbstbefreiungsprozess.<\/strong><\/em><\/span><em style=\"font-family: arial, helvetica, sans-serif;\"><strong>\u00a0<\/strong><\/em><\/p>\t\t\t\t\t\t\t\t<\/div>\n\t\t\t\t<\/div>\n\t\t\t\t<div class=\"elementor-element elementor-element-cabc994 elementor-widget elementor-widget-button\" data-id=\"cabc994\" data-element_type=\"widget\" data-e-type=\"widget\" data-widget_type=\"button.default\">\n\t\t\t\t<div class=\"elementor-widget-container\">\n\t\t\t\t\t\t\t\t\t<div class=\"elementor-button-wrapper\">\n\t\t\t\t\t<a class=\"elementor-button elementor-button-link elementor-size-sm\" href=\"http:\/\/www.werich.at\/?page_id=602\">\n\t\t\t\t\t\t<span class=\"elementor-button-content-wrapper\">\n\t\t\t\t\t\t\t\t\t<span class=\"elementor-button-text\">ANFRAGE<\/span>\n\t\t\t\t\t<\/span>\n\t\t\t\t\t<\/a>\n\t\t\t\t<\/div>\n\t\t\t\t\t\t\t\t<\/div>\n\t\t\t\t<\/div>\n\t\t\t\t\t<\/div>\n\t\t<\/div>\n\t\t\t\t\t<\/div>\n\t\t<\/section>\n\t\t\t\t<section class=\"elementor-section elementor-top-section elementor-element elementor-element-33972aa elementor-section-boxed elementor-section-height-default elementor-section-height-default\" data-id=\"33972aa\" data-element_type=\"section\" data-e-type=\"section\">\n\t\t\t\t\t\t<div class=\"elementor-container elementor-column-gap-default\">\n\t\t\t\t\t<div class=\"elementor-column elementor-col-100 elementor-top-column elementor-element elementor-element-effdf82\" data-id=\"effdf82\" data-element_type=\"column\" data-e-type=\"column\">\n\t\t\t<div class=\"elementor-widget-wrap elementor-element-populated\">\n\t\t\t\t\t\t<div class=\"elementor-element elementor-element-91a681f elementor-widget-divider--view-line elementor-widget elementor-widget-divider\" data-id=\"91a681f\" data-element_type=\"widget\" data-e-type=\"widget\" data-widget_type=\"divider.default\">\n\t\t\t\t<div class=\"elementor-widget-container\">\n\t\t\t\t\t\t\t<div class=\"elementor-divider\">\n\t\t\t<span class=\"elementor-divider-separator\">\n\t\t\t\t\t\t<\/span>\n\t\t<\/div>\n\t\t\t\t\t\t<\/div>\n\t\t\t\t<\/div>\n\t\t\t\t\t<\/div>\n\t\t<\/div>\n\t\t\t\t\t<\/div>\n\t\t<\/section>\n\t\t\t\t<section class=\"elementor-section elementor-top-section elementor-element elementor-element-24ca5f2 elementor-section-boxed elementor-section-height-default elementor-section-height-default\" data-id=\"24ca5f2\" data-element_type=\"section\" data-e-type=\"section\">\n\t\t\t\t\t\t<div class=\"elementor-container elementor-column-gap-default\">\n\t\t\t\t\t<div class=\"elementor-column elementor-col-100 elementor-top-column elementor-element elementor-element-68815fe\" data-id=\"68815fe\" data-element_type=\"column\" data-e-type=\"column\">\n\t\t\t<div class=\"elementor-widget-wrap elementor-element-populated\">\n\t\t\t\t\t\t<div class=\"elementor-element elementor-element-828369e elementor-widget elementor-widget-text-editor\" data-id=\"828369e\" data-element_type=\"widget\" data-e-type=\"widget\" data-widget_type=\"text-editor.default\">\n\t\t\t\t<div class=\"elementor-widget-container\">\n\t\t\t\t\t\t\t\t\t<h4 style=\"caret-color: #000000; color: #000000;\"><span style=\"font-family: arial, helvetica, sans-serif; font-size: 24px;\">Zwischenmenschliche Konfliktl\u00f6sung\/Mediation<\/span><\/h4><p style=\"caret-color: #000000; color: #000000;\"><span style=\"font-family: arial, helvetica, sans-serif;\">Konflikte sind zum<strong>\u00a0l\u00f6sen<\/strong>\u00a0da! Ein gel\u00f6ster Konflikt setzt neue Ressourcen frei.<\/span><br \/><strong><span style=\"font-family: arial, helvetica, sans-serif;\">Friede, und die daraus resultierende Lebensqualit\u00e4t lassen dich in Folge wieder frei leben.\u00a0<\/span><\/strong><strong><span style=\"font-family: arial, helvetica, sans-serif;\">Deshalb liegen uns Beziehungsthemen besonders am Herzen!<\/span><\/strong><\/p>\t\t\t\t\t\t\t\t<\/div>\n\t\t\t\t<\/div>\n\t\t\t\t<div class=\"elementor-element elementor-element-164dbe9 elementor-widget elementor-widget-button\" data-id=\"164dbe9\" data-element_type=\"widget\" data-e-type=\"widget\" data-widget_type=\"button.default\">\n\t\t\t\t<div class=\"elementor-widget-container\">\n\t\t\t\t\t\t\t\t\t<div class=\"elementor-button-wrapper\">\n\t\t\t\t\t<a class=\"elementor-button elementor-button-link elementor-size-sm\" href=\"http:\/\/www.werich.at\/?page_id=602\">\n\t\t\t\t\t\t<span class=\"elementor-button-content-wrapper\">\n\t\t\t\t\t\t\t\t\t<span class=\"elementor-button-text\">ANFRAGE<\/span>\n\t\t\t\t\t<\/span>\n\t\t\t\t\t<\/a>\n\t\t\t\t<\/div>\n\t\t\t\t\t\t\t\t<\/div>\n\t\t\t\t<\/div>\n\t\t\t\t\t<\/div>\n\t\t<\/div>\n\t\t\t\t\t<\/div>\n\t\t<\/section>\n\t\t\t\t<section class=\"elementor-section elementor-top-section elementor-element elementor-element-6ed8ef6 elementor-section-boxed elementor-section-height-default elementor-section-height-default\" data-id=\"6ed8ef6\" data-element_type=\"section\" data-e-type=\"section\">\n\t\t\t\t\t\t<div class=\"elementor-container elementor-column-gap-default\">\n\t\t\t\t\t<div class=\"elementor-column elementor-col-100 elementor-top-column elementor-element elementor-element-cb28980\" data-id=\"cb28980\" data-element_type=\"column\" data-e-type=\"column\">\n\t\t\t<div class=\"elementor-widget-wrap elementor-element-populated\">\n\t\t\t\t\t\t<div class=\"elementor-element elementor-element-0b250ba elementor-widget-divider--view-line elementor-widget elementor-widget-divider\" data-id=\"0b250ba\" data-element_type=\"widget\" data-e-type=\"widget\" data-widget_type=\"divider.default\">\n\t\t\t\t<div class=\"elementor-widget-container\">\n\t\t\t\t\t\t\t<div class=\"elementor-divider\">\n\t\t\t<span class=\"elementor-divider-separator\">\n\t\t\t\t\t\t<\/span>\n\t\t<\/div>\n\t\t\t\t\t\t<\/div>\n\t\t\t\t<\/div>\n\t\t\t\t\t<\/div>\n\t\t<\/div>\n\t\t\t\t\t<\/div>\n\t\t<\/section>\n\t\t\t\t<section class=\"elementor-section elementor-top-section elementor-element elementor-element-8a31ea8 elementor-section-boxed elementor-section-height-default elementor-section-height-default\" data-id=\"8a31ea8\" data-element_type=\"section\" data-e-type=\"section\">\n\t\t\t\t\t\t<div class=\"elementor-container elementor-column-gap-default\">\n\t\t\t\t\t<div class=\"elementor-column elementor-col-100 elementor-top-column elementor-element elementor-element-581da1f\" data-id=\"581da1f\" data-element_type=\"column\" data-e-type=\"column\">\n\t\t\t<div class=\"elementor-widget-wrap elementor-element-populated\">\n\t\t\t\t\t\t<div class=\"elementor-element elementor-element-3d533c0 elementor-widget elementor-widget-text-editor\" data-id=\"3d533c0\" data-element_type=\"widget\" data-e-type=\"widget\" data-widget_type=\"text-editor.default\">\n\t\t\t\t<div class=\"elementor-widget-container\">\n\t\t\t\t\t\t\t\t\t<h4><span style=\"font-family: arial, helvetica, sans-serif;\">Lifecoaching\/Begleitung\/Du selbst sein<\/span><\/h4>\t\t\t\t\t\t\t\t<\/div>\n\t\t\t\t<\/div>\n\t\t\t\t<div class=\"elementor-element elementor-element-e9c4ba3 elementor-widget elementor-widget-text-editor\" data-id=\"e9c4ba3\" data-element_type=\"widget\" data-e-type=\"widget\" data-widget_type=\"text-editor.default\">\n\t\t\t\t<div class=\"elementor-widget-container\">\n\t\t\t\t\t\t\t\t\t<p style=\"caret-color: #000000; color: #000000; font-family: -webkit-standard;\"><span style=\"font-family: arial, helvetica, sans-serif;\"><span style=\"font-size: 20px;\">Du<\/span><span style=\"caret-color: #993366; font-size: 20px;\">\u00a0hast viel erreicht?\u00a0<\/span><\/span><\/p><p style=\"caret-color: #000000; color: #000000; font-family: -webkit-standard;\"><span style=\"caret-color: #993366; font-size: 20px; font-family: arial, helvetica, sans-serif;\">Du hast mehr als man braucht?\u00a0<\/span><\/p><p style=\"caret-color: #000000; color: #000000; font-family: -webkit-standard;\"><span style=\"caret-color: #993366; font-size: 20px; font-family: arial, helvetica, sans-serif;\">Du hast erkannt, dass dir dennoch etwas fehlt!\u00a0<\/span><\/p><p style=\"caret-color: #000000; color: #000000; font-family: -webkit-standard;\"><span style=\"caret-color: #993366; font-size: 20px; font-family: arial, helvetica, sans-serif;\">Wenn du es wagst hinzuf\u00fchen, kann es sein, dass eine gewisse Unruhe, eine Art Sehnsucht \u00a0sp\u00fcrbar wird.<\/span><\/p><p style=\"caret-color: #000000; color: #000000; font-family: -webkit-standard;\"><span style=\"caret-color: #993366; font-size: 20px; font-family: arial, helvetica, sans-serif;\">WARUM IST DAS SO?<\/span><\/p>\t\t\t\t\t\t\t\t<\/div>\n\t\t\t\t<\/div>\n\t\t\t\t\t<\/div>\n\t\t<\/div>\n\t\t\t\t\t<\/div>\n\t\t<\/section>\n\t\t\t\t<section class=\"elementor-section elementor-top-section elementor-element elementor-element-4f17316 elementor-section-boxed elementor-section-height-default elementor-section-height-default\" data-id=\"4f17316\" data-element_type=\"section\" data-e-type=\"section\">\n\t\t\t\t\t\t<div class=\"elementor-container elementor-column-gap-default\">\n\t\t\t\t\t<div class=\"elementor-column elementor-col-100 elementor-top-column elementor-element elementor-element-9d46448\" data-id=\"9d46448\" data-element_type=\"column\" data-e-type=\"column\">\n\t\t\t<div class=\"elementor-widget-wrap elementor-element-populated\">\n\t\t\t\t\t\t<div class=\"elementor-element elementor-element-6764d80 elementor-widget elementor-widget-text-editor\" data-id=\"6764d80\" data-element_type=\"widget\" data-e-type=\"widget\" data-widget_type=\"text-editor.default\">\n\t\t\t\t<div class=\"elementor-widget-container\">\n\t\t\t\t\t\t\t\t\t<p style=\"caret-color: #000000; color: #000000; font-family: -webkit-standard;\"><span style=\"font-family: arial, helvetica, sans-serif;\">Im Au\u00dfen ist der Lebensumstand. Dieser kann durchaus als passend und in Ordnung, als eine Lebenssituation die gut ist, gewertet werden! Dennoch ist es vielleicht so, dass der gef\u00fchlte Frieden von genau diesen Lebensumstand abh\u00e4ngig ist. Damit ist der Friede davon abh\u00e4ngig, dass es so bleibt, wenn nicht noch besser wird, als es zurzeit ist! Das Leben ist jedoch Ver\u00e4nderung, damit werden sich die Umst\u00e4nde ver\u00e4ndern und der Friede ist somit st\u00e4ndig in Gefahr!<\/span><\/p><p style=\"caret-color: #000000; color: #000000; font-family: -webkit-standard;\"><span style=\"font-family: arial, helvetica, sans-serif;\">Bedenke, dass der Lebensumstand \u00a0nur die Lebenssituation ist, und nicht das Leben selbst!<\/span><\/p><p style=\"caret-color: #000000; color: #000000; font-family: -webkit-standard;\"><span style=\"font-family: arial, helvetica, sans-serif;\">Was ist das Leben dann? Das Leben ist das was DU BIST!<\/span><\/p><p style=\"caret-color: #000000; color: #000000; font-family: -webkit-standard;\"><span style=\"font-family: arial, helvetica, sans-serif;\">Die Form ist verg\u00e4nglich!<\/span><\/p><p style=\"caret-color: #000000; color: #000000; font-family: -webkit-standard;\"><span style=\"font-family: arial, helvetica, sans-serif;\">Das ewige eine Leben selbst, das DU BIST, ist das was sich hinter den Formen die das scheinbare Leben annimmt, verbirgt!<\/span><\/p><p style=\"caret-color: #000000; color: #000000; font-family: -webkit-standard;\"><span style=\"font-family: arial, helvetica, sans-serif;\">DAS LEBEN BEWUSST SEIN = DU SELBST SEIN<\/span><\/p><p style=\"caret-color: #000000; color: #000000; font-family: -webkit-standard;\"><span style=\"font-family: arial, helvetica, sans-serif;\">DU SELBST SEIN = absoluter FRIEDEN<\/span><\/p><p style=\"caret-color: #000000; color: #000000; font-family: -webkit-standard;\"><span style=\"font-family: arial, helvetica, sans-serif;\"><em>IN DEM MOMENT WO DU DICH SELBST ERKENNST, ERKENNST DU das was GOTT ist, DAS LEBEN, DIE EXISTENZ, DIE DU BIST &#8211; NUR DAS IST ABSOLUTER FRIEDEN!<\/em><\/span><\/p><p style=\"caret-color: #000000; color: #000000; font-family: -webkit-standard;\"><span style=\"font-family: arial, helvetica, sans-serif;\">DU SELBST SEIN IST DER FRIEDE DER VON NICHTS MEHR ABH\u00c4NGIG IST!<\/span><\/p><p style=\"caret-color: #000000; color: #000000; font-family: -webkit-standard;\"><span style=\"font-family: arial, helvetica, sans-serif;\">DER LEBENSUMSTAND MUSS DANN NICHT MEHR SO SEIN WIE DEIN VERSTAND DENKT DASS ER SEIN MUSS, DAMIT DER \u00a0 &#8211; SCHEINBARE &#8211; FRIEDE SP\u00dcRBAR IST!<\/span><\/p><p style=\"caret-color: #000000; color: #000000; font-family: -webkit-standard;\"><span style=\"font-family: arial, helvetica, sans-serif;\"><strong>WIR BEGLEITEN, COACHEN DICH IN DEINEM INDIVIDUELLEN SELBSTFINDUNGSPROZESS!<\/strong><\/span><b style=\"text-align: center; color: #ff0000; font-family: arial, helvetica, sans-serif;\">\u00a0<\/b><\/p>\t\t\t\t\t\t\t\t<\/div>\n\t\t\t\t<\/div>\n\t\t\t\t<div class=\"elementor-element elementor-element-38f13d1 elementor-widget elementor-widget-button\" data-id=\"38f13d1\" data-element_type=\"widget\" data-e-type=\"widget\" data-widget_type=\"button.default\">\n\t\t\t\t<div class=\"elementor-widget-container\">\n\t\t\t\t\t\t\t\t\t<div class=\"elementor-button-wrapper\">\n\t\t\t\t\t<a class=\"elementor-button elementor-button-link elementor-size-sm\" href=\"http:\/\/www.werich.at\/?page_id=602\">\n\t\t\t\t\t\t<span class=\"elementor-button-content-wrapper\">\n\t\t\t\t\t\t\t\t\t<span class=\"elementor-button-text\">ANFRAGE<\/span>\n\t\t\t\t\t<\/span>\n\t\t\t\t\t<\/a>\n\t\t\t\t<\/div>\n\t\t\t\t\t\t\t\t<\/div>\n\t\t\t\t<\/div>\n\t\t\t\t\t<\/div>\n\t\t<\/div>\n\t\t\t\t\t<\/div>\n\t\t<\/section>\n\t\t\t\t<section class=\"elementor-section elementor-top-section elementor-element elementor-element-f8999a9 elementor-section-boxed elementor-section-height-default elementor-section-height-default\" data-id=\"f8999a9\" data-element_type=\"section\" data-e-type=\"section\">\n\t\t\t\t\t\t<div class=\"elementor-container elementor-column-gap-default\">\n\t\t\t\t\t<div class=\"elementor-column elementor-col-100 elementor-top-column elementor-element elementor-element-689e7d1\" data-id=\"689e7d1\" data-element_type=\"column\" data-e-type=\"column\">\n\t\t\t<div class=\"elementor-widget-wrap elementor-element-populated\">\n\t\t\t\t\t\t<div class=\"elementor-element elementor-element-916d902 elementor-widget elementor-widget-image\" data-id=\"916d902\" data-element_type=\"widget\" data-e-type=\"widget\" data-widget_type=\"image.default\">\n\t\t\t\t<div class=\"elementor-widget-container\">\n\t\t\t\t\t\t\t\t\t\t\t\t\t\t\t<img fetchpriority=\"high\" decoding=\"async\" width=\"1024\" height=\"1024\" src=\"https:\/\/www.werich.at\/wp-content\/uploads\/2019\/04\/reduniverse.png\" class=\"attachment-large size-large wp-image-461\" alt=\"\" \/>\t\t\t\t\t\t\t\t\t\t\t\t\t\t\t<\/div>\n\t\t\t\t<\/div>\n\t\t\t\t\t<\/div>\n\t\t<\/div>\n\t\t\t\t\t<\/div>\n\t\t<\/section>\n\t\t\t\t<section class=\"elementor-section elementor-top-section elementor-element elementor-element-3a81446 elementor-section-boxed elementor-section-height-default elementor-section-height-default\" data-id=\"3a81446\" data-element_type=\"section\" data-e-type=\"section\">\n\t\t\t\t\t\t<div class=\"elementor-container elementor-column-gap-default\">\n\t\t\t\t\t<div class=\"elementor-column elementor-col-100 elementor-top-column elementor-element elementor-element-9e044f1\" data-id=\"9e044f1\" data-element_type=\"column\" data-e-type=\"column\">\n\t\t\t<div class=\"elementor-widget-wrap\">\n\t\t\t\t\t\t\t<\/div>\n\t\t<\/div>\n\t\t\t\t\t<\/div>\n\t\t<\/section>\n\t\t\t\t<\/div>\n\t\t","protected":false},"excerpt":{"rendered":"<p>BRAUCHST DU UNTERST\u00dcTZUNG F\u00dcR DEINE LEBENSTHEMEN? WIR BRINGEN DICH MIT DEN MENSCHEN ZUSAMMEN DIE DICH UNTERST\u00dcTZEN, damit du dich am Leben erfreust &#8230; Deine\u00a0pers\u00f6nliche Beratung Der beste Rat ist,\u00a0dich selbst als der, der du bist, zu erkennen,\u00a0und damit gleichsam\u00a0den, der behauptet du zu sein\u00a0(das angelernte ICH, das Ego) zu durchschauen und aufzul\u00f6sen &#8211;\u00a0das ist Frieden! [&hellip;]<\/p>\n","protected":false},"author":2,"featured_media":0,"parent":0,"menu_order":0,"comment_status":"closed","ping_status":"closed","template":"elementor_header_footer","meta":{"footnotes":""},"class_list":["post-426","page","type-page","status-publish","hentry"],"yoast_head":"<!-- This site is optimized with the Yoast SEO plugin v25.9 - https:\/\/yoast.com\/wordpress\/plugins\/seo\/ -->\n<title>Lifecoaching, Begleitung - wERich<\/title>\n<meta name=\"robots\" content=\"index, follow, max-snippet:-1, max-image-preview:large, max-video-preview:-1\" \/>\n<link rel=\"canonical\" href=\"https:\/\/www.werich.at\/?page_id=426\" \/>\n<meta property=\"og:locale\" content=\"de_DE\" \/>\n<meta property=\"og:type\" content=\"article\" \/>\n<meta property=\"og:title\" content=\"Lifecoaching, Begleitung - wERich\" \/>\n<meta property=\"og:description\" content=\"BRAUCHST DU UNTERST\u00dcTZUNG F\u00dcR DEINE LEBENSTHEMEN? WIR BRINGEN DICH MIT DEN MENSCHEN ZUSAMMEN DIE DICH UNTERST\u00dcTZEN, damit du dich am Leben erfreust &#8230; Deine\u00a0pers\u00f6nliche Beratung Der beste Rat ist,\u00a0dich selbst als der, der du bist, zu erkennen,\u00a0und damit gleichsam\u00a0den, der behauptet du zu sein\u00a0(das angelernte ICH, das Ego) zu durchschauen und aufzul\u00f6sen &#8211;\u00a0das ist Frieden! [&hellip;]\" \/>\n<meta property=\"og:url\" content=\"https:\/\/www.werich.at\/?page_id=426\" \/>\n<meta property=\"og:site_name\" content=\"wERich\" \/>\n<meta property=\"article:modified_time\" content=\"2023-10-13T20:01:51+00:00\" \/>\n<meta property=\"og:image\" content=\"https:\/\/www.werich.at\/wp-content\/uploads\/2019\/04\/reduniverse.png\" \/>\n<meta name=\"twitter:card\" content=\"summary_large_image\" \/>\n<meta name=\"twitter:label1\" content=\"Gesch\u00e4tzte Lesezeit\" \/>\n\t<meta name=\"twitter:data1\" content=\"2\u00a0Minuten\" \/>\n<script type=\"application\/ld+json\" class=\"yoast-schema-graph\">{\"@context\":\"https:\/\/schema.org\",\"@graph\":[{\"@type\":\"WebPage\",\"@id\":\"https:\/\/www.werich.at\/?page_id=426\",\"url\":\"https:\/\/www.werich.at\/?page_id=426\",\"name\":\"Lifecoaching, Begleitung - wERich\",\"isPartOf\":{\"@id\":\"https:\/\/www.werich.at\/#website\"},\"primaryImageOfPage\":{\"@id\":\"https:\/\/www.werich.at\/?page_id=426#primaryimage\"},\"image\":{\"@id\":\"https:\/\/www.werich.at\/?page_id=426#primaryimage\"},\"thumbnailUrl\":\"https:\/\/www.werich.at\/wp-content\/uploads\/2019\/04\/reduniverse.png\",\"datePublished\":\"2019-04-02T13:29:37+00:00\",\"dateModified\":\"2023-10-13T20:01:51+00:00\",\"breadcrumb\":{\"@id\":\"https:\/\/www.werich.at\/?page_id=426#breadcrumb\"},\"inLanguage\":\"de\",\"potentialAction\":[{\"@type\":\"ReadAction\",\"target\":[\"https:\/\/www.werich.at\/?page_id=426\"]}]},{\"@type\":\"ImageObject\",\"inLanguage\":\"de\",\"@id\":\"https:\/\/www.werich.at\/?page_id=426#primaryimage\",\"url\":\"https:\/\/www.werich.at\/wp-content\/uploads\/2019\/04\/reduniverse.png\",\"contentUrl\":\"https:\/\/www.werich.at\/wp-content\/uploads\/2019\/04\/reduniverse.png\",\"width\":1417,\"height\":1417,\"caption\":\"\"},{\"@type\":\"BreadcrumbList\",\"@id\":\"https:\/\/www.werich.at\/?page_id=426#breadcrumb\",\"itemListElement\":[{\"@type\":\"ListItem\",\"position\":1,\"name\":\"Startseite\",\"item\":\"https:\/\/www.werich.at\/\"},{\"@type\":\"ListItem\",\"position\":2,\"name\":\"Lifecoaching, Begleitung\"}]},{\"@type\":\"WebSite\",\"@id\":\"https:\/\/www.werich.at\/#website\",\"url\":\"https:\/\/www.werich.at\/\",\"name\":\"wERich\",\"description\":\"DU SELBST SEIN\",\"potentialAction\":[{\"@type\":\"SearchAction\",\"target\":{\"@type\":\"EntryPoint\",\"urlTemplate\":\"https:\/\/www.werich.at\/?s={search_term_string}\"},\"query-input\":{\"@type\":\"PropertyValueSpecification\",\"valueRequired\":true,\"valueName\":\"search_term_string\"}}],\"inLanguage\":\"de\"}]}<\/script>\n<!-- \/ Yoast SEO plugin. -->","yoast_head_json":{"title":"Lifecoaching, Begleitung - wERich","robots":{"index":"index","follow":"follow","max-snippet":"max-snippet:-1","max-image-preview":"max-image-preview:large","max-video-preview":"max-video-preview:-1"},"canonical":"https:\/\/www.werich.at\/?page_id=426","og_locale":"de_DE","og_type":"article","og_title":"Lifecoaching, Begleitung - wERich","og_description":"BRAUCHST DU UNTERST\u00dcTZUNG F\u00dcR DEINE LEBENSTHEMEN? WIR BRINGEN DICH MIT DEN MENSCHEN ZUSAMMEN DIE DICH UNTERST\u00dcTZEN, damit du dich am Leben erfreust &#8230; Deine\u00a0pers\u00f6nliche Beratung Der beste Rat ist,\u00a0dich selbst als der, der du bist, zu erkennen,\u00a0und damit gleichsam\u00a0den, der behauptet du zu sein\u00a0(das angelernte ICH, das Ego) zu durchschauen und aufzul\u00f6sen &#8211;\u00a0das ist Frieden! [&hellip;]","og_url":"https:\/\/www.werich.at\/?page_id=426","og_site_name":"wERich","article_modified_time":"2023-10-13T20:01:51+00:00","og_image":[{"url":"https:\/\/www.werich.at\/wp-content\/uploads\/2019\/04\/reduniverse.png","type":"","width":"","height":""}],"twitter_card":"summary_large_image","twitter_misc":{"Gesch\u00e4tzte Lesezeit":"2\u00a0Minuten"},"schema":{"@context":"https:\/\/schema.org","@graph":[{"@type":"WebPage","@id":"https:\/\/www.werich.at\/?page_id=426","url":"https:\/\/www.werich.at\/?page_id=426","name":"Lifecoaching, Begleitung - wERich","isPartOf":{"@id":"https:\/\/www.werich.at\/#website"},"primaryImageOfPage":{"@id":"https:\/\/www.werich.at\/?page_id=426#primaryimage"},"image":{"@id":"https:\/\/www.werich.at\/?page_id=426#primaryimage"},"thumbnailUrl":"https:\/\/www.werich.at\/wp-content\/uploads\/2019\/04\/reduniverse.png","datePublished":"2019-04-02T13:29:37+00:00","dateModified":"2023-10-13T20:01:51+00:00","breadcrumb":{"@id":"https:\/\/www.werich.at\/?page_id=426#breadcrumb"},"inLanguage":"de","potentialAction":[{"@type":"ReadAction","target":["https:\/\/www.werich.at\/?page_id=426"]}]},{"@type":"ImageObject","inLanguage":"de","@id":"https:\/\/www.werich.at\/?page_id=426#primaryimage","url":"https:\/\/www.werich.at\/wp-content\/uploads\/2019\/04\/reduniverse.png","contentUrl":"https:\/\/www.werich.at\/wp-content\/uploads\/2019\/04\/reduniverse.png","width":1417,"height":1417,"caption":""},{"@type":"BreadcrumbList","@id":"https:\/\/www.werich.at\/?page_id=426#breadcrumb","itemListElement":[{"@type":"ListItem","position":1,"name":"Startseite","item":"https:\/\/www.werich.at\/"},{"@type":"ListItem","position":2,"name":"Lifecoaching, Begleitung"}]},{"@type":"WebSite","@id":"https:\/\/www.werich.at\/#website","url":"https:\/\/www.werich.at\/","name":"wERich","description":"DU SELBST SEIN","potentialAction":[{"@type":"SearchAction","target":{"@type":"EntryPoint","urlTemplate":"https:\/\/www.werich.at\/?s={search_term_string}"},"query-input":{"@type":"PropertyValueSpecification","valueRequired":true,"valueName":"search_term_string"}}],"inLanguage":"de"}]}},"_links":{"self":[{"href":"https:\/\/www.werich.at\/index.php?rest_route=\/wp\/v2\/pages\/426","targetHints":{"allow":["GET"]}}],"collection":[{"href":"https:\/\/www.werich.at\/index.php?rest_route=\/wp\/v2\/pages"}],"about":[{"href":"https:\/\/www.werich.at\/index.php?rest_route=\/wp\/v2\/types\/page"}],"author":[{"embeddable":true,"href":"https:\/\/www.werich.at\/index.php?rest_route=\/wp\/v2\/users\/2"}],"replies":[{"embeddable":true,"href":"https:\/\/www.werich.at\/index.php?rest_route=%2Fwp%2Fv2%2Fcomments&post=426"}],"version-history":[{"count":53,"href":"https:\/\/www.werich.at\/index.php?rest_route=\/wp\/v2\/pages\/426\/revisions"}],"predecessor-version":[{"id":3762,"href":"https:\/\/www.werich.at\/index.php?rest_route=\/wp\/v2\/pages\/426\/revisions\/3762"}],"wp:attachment":[{"href":"https:\/\/www.werich.at\/index.php?rest_route=%2Fwp%2Fv2%2Fmedia&parent=426"}],"curies":[{"name":"wp","href":"https:\/\/api.w.org\/{rel}","templated":true}]}}