{"id":1340,"date":"2020-03-21T15:11:28","date_gmt":"2020-03-21T14:11:28","guid":{"rendered":"http:\/\/www.werich.at\/?page_id=1340"},"modified":"2023-10-13T22:30:43","modified_gmt":"2023-10-13T20:30:43","slug":"gesellschaftliches","status":"publish","type":"page","link":"https:\/\/www.werich.at\/?page_id=1340","title":{"rendered":"Bewusstseinsbildung"},"content":{"rendered":"\n<div class=\"wp-block-group alignfull\"><div class=\"wp-block-group__inner-container is-layout-flow wp-block-group-is-layout-flow\">\n<h4 class=\"wp-block-heading\"><strong>BEWUSSTSEINSBILDUNG hebt die Limitierung des Menschseins auf, und schafft Frieden!<\/strong><\/h4>\n<\/div><\/div>\n\n\n\n<p>BEWUSSTSEIN L\u00c4SST SICH NICHT BILDEN,<\/p>\n\n\n\n<p>BEWUSST SEIN IST NICHT WAS DU DENKST!                                                                                     BEWUSSTSEIN IST VIELMEHR, DAS WAS DU WAHRLICH BIST, bewusst sein!                                                                                                                             Da tut sich der Verstand schon ein wenig schwer \ud83d\ude09<\/p>\n\n\n\n<p>Es ist keinesfalls gemeint, dass du das bist was der DENKER, das angelernte ICH, behauptet, das du bist! Nein, es ist vielmehr das Unbeschreibliche, gedanklich nicht erfassbare Absolute, das Leben selbst &#8211;  das jeder von uns ist &#8211; bewusst sein!<\/p>\n\n\n\n<blockquote class=\"wp-block-quote is-layout-flow wp-block-quote-is-layout-flow\"><p>Sei du selbst die Ver\u00e4nderung, die du dir w\u00fcnscht f\u00fcr diese Welt &#8211; Mahatma Gandhi                <\/p><p>Sei das\/der, der du wirklich bist, und Frieden ist &#8211; wERich<\/p><\/blockquote>\n\n\n\n<p>Beides ist wichtig, denn nur so nimmt die Limitierung des MenschSEINS ein Ende!<\/p>\n\n\n\n<p>EINSTEIN SAGTE: PHANTASIE IST WICHTIGER ALS WISSEN, DENN WISSEN IST BEGRENZT! <\/p>\n\n\n<p>Er sagte dazu auch noch; denn Phantasie umfasst die ganze Welt!<\/p>\n<p>Nun, wie kann man das verstehen? Wissen ist begrenzt, und damit auch die Vor-stellung von Leben! Die gedankliche Welt, ist eine auf Gedanken basierende, und damit auf die konzeptionierten gesellschaftlichen Vorstellungen, beschr\u00e4nkt! Wir folgen blind der angelernten Tradition, die je nach geografischer \u00d6rtlichkeit, in allen Lebensthemen, auch Religion, sich entsprechend unterschiedlich zeigt. Die ganze Welt ist NICHT NUR was du dir unter Leben und Welt vorstellen kannst, nein, es ist vielmehr das Unvorstellbare, das mit dem Verstand nicht erfasst werden kann! VERMUTLICH HAT Einstein mit PHANTASIE BEWUSSTSEIN gemeint,\u00a0das gleichsam auch als absolute Wahrnehmung, wertfreies Beobachten, Wahrnehmen des grenzenlosen Seins, der Existenz selbst, bezeichnet werden kann! Durch unsere Identifikation mit dem was wir angelernt haben, und das besteht aus angeh\u00e4uften Erinnerungen, haben wir dazu beigetragen die Welt in einen chaotischen Zustand zu bringen! Ein wahrlich religi\u00f6ser Mensch ist sich seiner selbst bewusst, und das ist auch im Sinne von \u201eReligio\u201c (die R\u00fcckbindung zum Urgrund des Seins) gemeint. Der gl\u00e4ubige Mensch hingegen glaubt an ein von Vorurteilen erschaffenes Leitbild, das ebenso, je nach Tradition und geografischen kulturellen Pr\u00e4gungen, angelernt ist! Die wirklichen \u201eMeister\u201c hatten auf die Gefahren dessen hingewiesen!<\/p>\n<p>Wir sind dort angelangt wo es nicht mehr gen\u00fcgt die Tapete zu wechseln, denn es braucht eine Art Bewusstseinssprung! Jeder einzelne von uns soll Eigenverantwortung \u00fcbernehmen, und sich selbst aus diesen Fesseln befreien \u2013 wir k\u00f6nnen uns ja gegenseitig dabei unterst\u00fctzen! Speziell dann, wenn Lebensumst\u00e4nde in Frage gestellt werden, dies geschieht h\u00e4ufig durch schmerzliche Erfahrungen, zieht sich der Denker zur\u00fcck! Tiefere Wahrnehmung, und damit geht die Erkenntnis wer DU BIST einher, ist die Folge! Ein bewusster Mensch ist nicht nur friedvoll, er ist Friede! Sucht, wie Sehnsucht, Konsum als Ersatzbefriedigung, und die damit verbundene Ausbeutung des Planeten und der MitMenschen, werden mit zunehmenden Bewusstsein Geschichte sein! Wenn sich das Konsumverhalten \u00e4ndert, ver\u00e4ndert sich auch das Gesellschaftssystem. Damit kann anstatt des ausbeuterischen, von Angst, Sehnsucht, Hoffnung und grenzenloser Gier (das was im Au\u00dfen zu finden ist wird nie gen\u00fcgen) getragenen Finanzsystems, ein wirklich gesundes, von SEIN, Bewusstsein und freudigem Erfahren getragenes wahres Leben, auf den Paradiesplaneten Erde bewusst gelebt werden. Nur so kann der wahre Mensch (die Kr\u00f6nung der Sch\u00f6pfung) die geniale Erfahrung &#8222;<em><strong>wirklich Mensch sein&#8220;<\/strong><\/em>, gelebt werden!<\/p>\n<p>Lasst es uns nach Mahatma Gandhi angehen, indem du an dir selbst arbeitest, den Selbstbefreiungsprozess lebst, der dahin f\u00fchrt, dass du wahrlich selbstbewusst (dir dessen was\/wer du wirklich bist bewusst bist) das bist was die Sch\u00f6pfung ist!<\/p>\n<p>BEWUSSTSEIN ist somit SELBSTERKENNTNIS &#8211; DU SELBST SEIN ist Frieden!\u00a0<\/p>\n<p>WIR SEHEN DAS WAS GERADE PASSIERT ALS EINE ART STILLER, VON FRIEDEN GETRAGENER, REVOLUTION DES LEBENS SELBST! MITMENSCHEN ZU INSPIRIEREN, SICH SELBST ZU BEFREIEN, IST WICHTIG UND UNTERST\u00dcTZT SEINEN EINGENEN PROZESS AM BESTEN!<\/p>\n<p>Erst wenn jeder einzelne von uns von seinen eigenen Fesseln befreit ist, sich dessen was er wirklich ist bewusst ist, wird absoluter Friede sein!<\/p>\n<p>\u00a0<\/p>\n<h1>\u00a0\u00a0\u00a0\u00a0 BEWUSST<em>SEINS<\/em>BILDUNG.at\u00a0\u00a0\u00a0\u00a0<\/h1>\n<p><strong>\u00a0SIEHE AUCH unter <em>BLOG<\/em> zu\u00a0 Eros &#8211; Liebe &#8211; Sex \u00a0\u00a0\u00a0\u00a0 <\/strong>ein Thema das letztlich jeden ber\u00fchrt!<\/p>\n<p>\u00a0<\/p>\n<p><strong>\u00dcBUNG: <\/strong>Mache Dir in der Tiefe bewusst auf welcher Ebene die Beziehung zu dir selbst sich befindet! Wie tief ist dein wahres Wesen bereits ent-deckt! Hast du vielleicht auch Angst vor der Wahrheit? Mache dir in der Tiefe bewusst welche Beziehung du zu deinem Partner hast! Ist sie vielleicht auch oberfl\u00e4chlich? Falls du keine Beziehung hast, so frage Dich, wieso? Wie stellst du dir eine optimale Beziehung vor? Ist es vielleicht ein etwas wollen, oder doch ein tiefes sich Einlassen? Beobachte deine Emotionen, deine Gedanken in Bezug auf Beziehungen und Partnerschaft jeder Art! Sei bereit sich dem Leben wirklich zu stellen, und erhalte daf\u00fcr das gr\u00f6\u00dfte Geschenk des Lebens!!! \u00a0\u00a0\u00a0\u00a0DU SELBST SEIN \u2013 das ist Frieden<\/p>\n<p>\u00a0<\/p>\n<h5>\u00a0\u00a0\u00a0\u00a0\u00a0 Erich Werich,\u00a0 4310 Mauthausen, Tel. 0699 1 7238 555\u00a0 <a href=\"http:\/\/www.werich.at\/\">www.werich.at<\/a><\/h5>\n<p>\u00a0<\/p>\n\n\n<p><\/p>\n","protected":false},"excerpt":{"rendered":"<p>BEWUSSTSEINSBILDUNG hebt die Limitierung des Menschseins auf, und schafft Frieden! BEWUSSTSEIN L\u00c4SST SICH NICHT BILDEN, BEWUSST SEIN IST NICHT WAS DU DENKST! BEWUSSTSEIN IST VIELMEHR, DAS WAS DU WAHRLICH BIST, bewusst sein! Da tut sich der Verstand schon ein wenig schwer \ud83d\ude09 Es ist keinesfalls gemeint, dass du das bist was der DENKER, das angelernte [&hellip;]<\/p>\n","protected":false},"author":2,"featured_media":0,"parent":0,"menu_order":0,"comment_status":"closed","ping_status":"closed","template":"elementor_header_footer","meta":{"footnotes":""},"class_list":["post-1340","page","type-page","status-publish","hentry"],"yoast_head":"<!-- This site is optimized with the Yoast SEO plugin v25.9 - https:\/\/yoast.com\/wordpress\/plugins\/seo\/ -->\n<title>Bewusstseinsbildung - wERich<\/title>\n<meta name=\"robots\" content=\"index, follow, max-snippet:-1, max-image-preview:large, max-video-preview:-1\" \/>\n<link rel=\"canonical\" href=\"https:\/\/www.werich.at\/?page_id=1340\" \/>\n<meta property=\"og:locale\" content=\"de_DE\" \/>\n<meta property=\"og:type\" content=\"article\" \/>\n<meta property=\"og:title\" content=\"Bewusstseinsbildung - wERich\" \/>\n<meta property=\"og:description\" content=\"BEWUSSTSEINSBILDUNG hebt die Limitierung des Menschseins auf, und schafft Frieden! BEWUSSTSEIN L\u00c4SST SICH NICHT BILDEN, BEWUSST SEIN IST NICHT WAS DU DENKST! BEWUSSTSEIN IST VIELMEHR, DAS WAS DU WAHRLICH BIST, bewusst sein! Da tut sich der Verstand schon ein wenig schwer \ud83d\ude09 Es ist keinesfalls gemeint, dass du das bist was der DENKER, das angelernte [&hellip;]\" \/>\n<meta property=\"og:url\" content=\"https:\/\/www.werich.at\/?page_id=1340\" \/>\n<meta property=\"og:site_name\" content=\"wERich\" \/>\n<meta property=\"article:modified_time\" content=\"2023-10-13T20:30:43+00:00\" \/>\n<meta name=\"twitter:card\" content=\"summary_large_image\" \/>\n<meta name=\"twitter:label1\" content=\"Gesch\u00e4tzte Lesezeit\" \/>\n\t<meta name=\"twitter:data1\" content=\"4\u00a0Minuten\" \/>\n<script type=\"application\/ld+json\" class=\"yoast-schema-graph\">{\"@context\":\"https:\/\/schema.org\",\"@graph\":[{\"@type\":\"WebPage\",\"@id\":\"https:\/\/www.werich.at\/?page_id=1340\",\"url\":\"https:\/\/www.werich.at\/?page_id=1340\",\"name\":\"Bewusstseinsbildung - wERich\",\"isPartOf\":{\"@id\":\"https:\/\/www.werich.at\/#website\"},\"datePublished\":\"2020-03-21T14:11:28+00:00\",\"dateModified\":\"2023-10-13T20:30:43+00:00\",\"breadcrumb\":{\"@id\":\"https:\/\/www.werich.at\/?page_id=1340#breadcrumb\"},\"inLanguage\":\"de\",\"potentialAction\":[{\"@type\":\"ReadAction\",\"target\":[\"https:\/\/www.werich.at\/?page_id=1340\"]}]},{\"@type\":\"BreadcrumbList\",\"@id\":\"https:\/\/www.werich.at\/?page_id=1340#breadcrumb\",\"itemListElement\":[{\"@type\":\"ListItem\",\"position\":1,\"name\":\"Startseite\",\"item\":\"https:\/\/www.werich.at\/\"},{\"@type\":\"ListItem\",\"position\":2,\"name\":\"Bewusstseinsbildung\"}]},{\"@type\":\"WebSite\",\"@id\":\"https:\/\/www.werich.at\/#website\",\"url\":\"https:\/\/www.werich.at\/\",\"name\":\"wERich\",\"description\":\"DU SELBST SEIN\",\"potentialAction\":[{\"@type\":\"SearchAction\",\"target\":{\"@type\":\"EntryPoint\",\"urlTemplate\":\"https:\/\/www.werich.at\/?s={search_term_string}\"},\"query-input\":{\"@type\":\"PropertyValueSpecification\",\"valueRequired\":true,\"valueName\":\"search_term_string\"}}],\"inLanguage\":\"de\"}]}<\/script>\n<!-- \/ Yoast SEO plugin. -->","yoast_head_json":{"title":"Bewusstseinsbildung - wERich","robots":{"index":"index","follow":"follow","max-snippet":"max-snippet:-1","max-image-preview":"max-image-preview:large","max-video-preview":"max-video-preview:-1"},"canonical":"https:\/\/www.werich.at\/?page_id=1340","og_locale":"de_DE","og_type":"article","og_title":"Bewusstseinsbildung - wERich","og_description":"BEWUSSTSEINSBILDUNG hebt die Limitierung des Menschseins auf, und schafft Frieden! BEWUSSTSEIN L\u00c4SST SICH NICHT BILDEN, BEWUSST SEIN IST NICHT WAS DU DENKST! BEWUSSTSEIN IST VIELMEHR, DAS WAS DU WAHRLICH BIST, bewusst sein! Da tut sich der Verstand schon ein wenig schwer \ud83d\ude09 Es ist keinesfalls gemeint, dass du das bist was der DENKER, das angelernte [&hellip;]","og_url":"https:\/\/www.werich.at\/?page_id=1340","og_site_name":"wERich","article_modified_time":"2023-10-13T20:30:43+00:00","twitter_card":"summary_large_image","twitter_misc":{"Gesch\u00e4tzte Lesezeit":"4\u00a0Minuten"},"schema":{"@context":"https:\/\/schema.org","@graph":[{"@type":"WebPage","@id":"https:\/\/www.werich.at\/?page_id=1340","url":"https:\/\/www.werich.at\/?page_id=1340","name":"Bewusstseinsbildung - wERich","isPartOf":{"@id":"https:\/\/www.werich.at\/#website"},"datePublished":"2020-03-21T14:11:28+00:00","dateModified":"2023-10-13T20:30:43+00:00","breadcrumb":{"@id":"https:\/\/www.werich.at\/?page_id=1340#breadcrumb"},"inLanguage":"de","potentialAction":[{"@type":"ReadAction","target":["https:\/\/www.werich.at\/?page_id=1340"]}]},{"@type":"BreadcrumbList","@id":"https:\/\/www.werich.at\/?page_id=1340#breadcrumb","itemListElement":[{"@type":"ListItem","position":1,"name":"Startseite","item":"https:\/\/www.werich.at\/"},{"@type":"ListItem","position":2,"name":"Bewusstseinsbildung"}]},{"@type":"WebSite","@id":"https:\/\/www.werich.at\/#website","url":"https:\/\/www.werich.at\/","name":"wERich","description":"DU SELBST SEIN","potentialAction":[{"@type":"SearchAction","target":{"@type":"EntryPoint","urlTemplate":"https:\/\/www.werich.at\/?s={search_term_string}"},"query-input":{"@type":"PropertyValueSpecification","valueRequired":true,"valueName":"search_term_string"}}],"inLanguage":"de"}]}},"_links":{"self":[{"href":"https:\/\/www.werich.at\/index.php?rest_route=\/wp\/v2\/pages\/1340","targetHints":{"allow":["GET"]}}],"collection":[{"href":"https:\/\/www.werich.at\/index.php?rest_route=\/wp\/v2\/pages"}],"about":[{"href":"https:\/\/www.werich.at\/index.php?rest_route=\/wp\/v2\/types\/page"}],"author":[{"embeddable":true,"href":"https:\/\/www.werich.at\/index.php?rest_route=\/wp\/v2\/users\/2"}],"replies":[{"embeddable":true,"href":"https:\/\/www.werich.at\/index.php?rest_route=%2Fwp%2Fv2%2Fcomments&post=1340"}],"version-history":[{"count":24,"href":"https:\/\/www.werich.at\/index.php?rest_route=\/wp\/v2\/pages\/1340\/revisions"}],"predecessor-version":[{"id":3910,"href":"https:\/\/www.werich.at\/index.php?rest_route=\/wp\/v2\/pages\/1340\/revisions\/3910"}],"wp:attachment":[{"href":"https:\/\/www.werich.at\/index.php?rest_route=%2Fwp%2Fv2%2Fmedia&parent=1340"}],"curies":[{"name":"wp","href":"https:\/\/api.w.org\/{rel}","templated":true}]}}